-4)/(-2)*1156/8. What is the highest common factor of t and n?
17
Suppose 0*b = -2*b + 16. Let x = -398293 + 398397. What is the highest common divisor of b and x?
8
Suppose -12*p + 39 = -86 + 5. Calculate the greatest common factor of p and 2210.
10
Let n = 31 + -36. Let v(r) be the first derivative of -r**4/4 - r**3/3 + 5*r**2 - 14. Let p be v(n). Calculate the greatest common factor of 20 and p.
10
Let l(w) = -2*w**3 + 18*w**2 + 19*w + 12. Let g be l(10). Let b(n) = -n**3 - 21*n**2 + 46*n + 31. Let k be b(-23). What is the highest common factor of g and k?
1
Let f(g) = g**2 - 13*g. Let s be f(10). Let r be (25/s)/((-1)/30). Let v = -23 + r. Calculate the highest common factor of 14 and v.
2
Suppose -2*h + 18 = 8*h - 2. What is the greatest common factor of h and 109?
1
Let d = 21 - 7. Let h be -7 + (-13)/((-247)/399). What is the greatest common divisor of d and h?
14
Suppose -9*g = -183 - 125 - 133. What is the greatest common factor of 7350 and g?
49
Suppose -5*h - 5*j + 5034 = -4621, 0 = 6*h + 3*j - 11598. Calculate the greatest common factor of 225 and h.
45
Let c = 169 - 158. Let f(o) = -11*o + 78. Let y be f(7). What is the greatest common divisor of y and c?
1
Suppose 0*o = 5*o. Suppose 1290 = 5*d + 4*p + p, 5*d = p + 1290. Suppose o = 19*g - d - 122. What is the greatest common divisor of 2 and g?
2
Let v(r) = -9*r**2 - 10*r - 16. Let b be v(-4). Let d be ((-6)/(-4))/((-5)/b). Let y = -418 - -420. What is the greatest common factor of y and d?
2
Suppose 1 - 4 = 3*v, 5*s + 2*v = 118. Suppose 4*j - j = -o + 2, 4*o + s = 4*j. Suppose 0 = -j*w + 14 + 18. What is the greatest common factor of w and 112?
16
Suppose 88*n - 98*n = -250. Let v(m) = 25*m - 397. Let f be v(n). Calculate the highest common factor of f and 12.
12
Suppose -23*g - 18*g = 21*g - 252588. Calculate the highest common factor of g and 126.
42
Suppose 4*z - 16675 = 59101. Calculate the highest common divisor of z and 128.
128
Let s(t) = -1067*t - 4695. Let l be s(-11). What is the highest common factor of l and 42?
14
Let p(y) be the third derivative of -4*y**4/3 + 83*y**3/3 - 73*y**2. Let b be p(-11). What is the greatest common factor of 14 and b?
14
Let o be (-45)/(-10) - (-366)/12. Let n(i) = -i + 1. Let m be n(-6). Calculate the greatest common divisor of o and m.
7
Suppose -5*u + 4*u = -5*c + 50, -2*c + 3*u + 20 = 0. Suppose 0 = -12*w + 11*w - 2*b + c, -73 = -4*w + 3*b. What is the greatest common divisor of 496 and w?
16
Let m(k) = -3*k - 49. Let y be m(25). Let b = y + 127. What is the highest common factor of 39 and b?
3
Let a = 18225 + -17632. Calculate the highest common divisor of 8 and a.
1
Suppose -24*j + 2855 = -19*j. Let m = j - 554. Suppose -2*i + 5*i - 3*q - 36 = 0, 2*i + 5*q - 59 = 0. What is the greatest common factor of i and m?
17
Suppose -10*c + 6*c = -5*j + 23257, -3*j + c + 13957 = 0. What is the highest common divisor of j and 27?
9
Suppose 0 = -2*q - 4, 3*o - 5*q - 2 = 4*o. Suppose 3*c = 5*d, -3*c - 2*d - o = -29. Calculate the highest common divisor of 95 and c.
5
Let w = 184 + -179. Let x = -443 - -628. What is the highest common divisor of x and w?
5
Suppose -368 + 410 = 3*a. Let b = -36 + 99. Let d be (-2760)/(-27) - a/b. Calculate the greatest common divisor of 6 and d.
6
Let j = 0 - -1. Suppose g = -3*g + 5*m + 39, -2*g - 2*m = -6. Let v be (-4)/g - (-344)/129. Calculate the highest common factor of v and j.
1
Suppose 6*o = 2*o + 32. Let l(m) = 17*m**2 + 18*m. Let c be l(-3). Suppose -2*p = u - 36, 4*p + 4*u + 19 = c. Calculate the highest common divisor of o and p.
8
Let l(z) = 4*z + 48. Let b be l(-12). Let c be (b - (-2 + 1))*-1 - -652. Calculate the greatest common factor of c and 21.
21
Suppose -8*q = -13*q - 20. Let n(s) = -s**3 - 4*s**2 - 3*s - 5. Let o be n(q). What is the greatest common divisor of 112 and o?
7
Let o be (4/(-18)*-3)/(18/(-783)). Let p be -3 + (-4 - (o + -2 - -2)). Let l = -31 - -141. What is the highest common factor of p and l?
22
Suppose z - 20 = -s - 3*s, -z + 4*s + 4 = 0. Let g be (z/14)/3 + 1053/63. Calculate the highest common factor of 17 and g.
17
Let t(r) = r**3 - 12*r**2 + 27*r + 15. Let j be t(9). Let h be (-88)/(-22) + j*5 + 2. Calculate the greatest common factor of h and 36.
9
Let d be (19/(95/150))/2. Suppose -18*o + 13*o = d. Let b be 2 + (46 - -3) + 4 + o. Calculate the highest common divisor of 78 and b.
26
Let b be (-369)/(-615) + -1 + (-248)/5. Let y be b*5/10*-5*1. What is the highest common factor of 5 and y?
5
Suppose -4*h - 90 = -7*h. Let q(m) = 14*m**2 + 2*m. Let l be q(-3). Let c be (2/(3 + 1))/(5/l). What is the greatest common divisor of c and h?
6
Suppose 2548*o - 1313*o + 2709 = 1364*o. Suppose 5*w = -0*w + 140. Calculate the greatest common factor of o and w.
7
Let d = -993 - -1038. Let m = -153 + 243. Calculate the highest common factor of d and m.
45
Suppose -142*x + 67718 = -11426 - 208832. What is the greatest common factor of x and 12?
12
Suppose q + 9543 = 8*w - 3*w, -7640 = -4*w - 2*q. Calculate the greatest common factor of w and 166.
83
Suppose 5*s - 1240 = s. Suppose 4 = -b + s. Suppose -18*v + b = -v. Calculate the greatest common divisor of v and 18.
18
Let h(k) = -k**3 + 5*k**2 + 3. Let p be h(-4). Suppose 13*w = p + 22. Calculate the greatest common factor of 39 and w.
13
Suppose -4*w = 0, 4*y + 3*w + 102 = 1662. Calculate the highest common factor of 30 and y.
30
Let u(d) = -2*d**3 - 2. Let p be u(2). Let y be (p/(-21))/((-3)/(-42)). Let r = 0 + y. What is the greatest common factor of 18 and r?
6
Suppose -39*t + 3168 = -108. Let i = -83 + t. Calculate the highest common factor of i and 67.
1
Let a be -2*(5 - 4) + (4 - (9 - 159)). Calculate the greatest common divisor of 17176 and a.
152
Suppose 0 = -6*k + 6919 + 10793. Let o be 6/8 - k/(-32). Let s = o - 28. What is the highest common factor of 39 and s?
13
Let d = 124 + -80. Suppose -d = -z + 21. Suppose 0 = -5*c - 3*q + z, 5*c + 0*q - 60 = -4*q. What is the greatest common factor of 48 and c?
16
Let o = 16892 + -16808. What is the greatest common factor of 972 and o?
12
Let s(b) = 792*b + 13122. Let r be s(-14). What is the highest common factor of r and 576?
18
Suppose 21586 = 5*v - 4*k, 403*v = 401*v + 3*k + 8640. Calculate the greatest common divisor of v and 18.
6
Suppose 246*d + 629 = 262*d - 2059. What is the greatest common factor of 224 and d?
56
Suppose -216*b - 249 = -217*b. Let y = 351 - b. Calculate the greatest common divisor of 34 and y.
34
Suppose -h - o = -52, 2*h + o - 122 = -19. Calculate the highest common factor of 272 and h.
17
Suppose -n = -2*u - 927, -944 - 904 = -2*n - 2*u. What is the highest common divisor of 1675 and n?
25
Suppose 42*u + 240 = 18*u. Let r be (-12)/u - (-36414)/255. Calculate the greatest common factor of 2 and r.
2
Let d(v) = v**3 + 24*v**2 + 30*v - 181. Let a be d(-21). Calculate the greatest common factor of a and 96.
32
Suppose -5*r + 4445 + 729 = -4226. Calculate the greatest common factor of 40 and r.
40
Let m be 17 - -6 - (-1 + -1 + 11). What is the greatest common factor of m and 5201?
7
Suppose 4747*c + 670 = 4749*c - 4*t, 2*c = -2*t + 610. Suppose 3*a = 2*m - 140, 2*m - a - 100 = 40. Calculate the highest common factor of m and c.
35
Let a(s) = 18*s + 463. Let t be a(-49). Let i = 795 + t. Calculate the greatest common divisor of i and 8.
8
Let g = 2893 - 2677. What is the greatest common divisor of g and 99?
9
Suppose 0 = 2*d + 4*p + 105 - 29, -3*d - 81 = -5*p. Let x be (30/(-40))/(2*2/d). Calculate the highest common factor of x and 26.
2
Let x(v) = 6*v**3 + 4*v**2 - 6*v + 7. Let t be (72 + -75)/(1*-1 + 0). Let s be x(t). What is the greatest common factor of s and 17?
17
Suppose -6*s + 5190 = -4*n, 153*s + 865 = 154*s - 4*n. Calculate the highest common divisor of 5 and s.
5
Let z(u) = u + 75. Let a(i) = i + 38. Let p(s) = -5*a(s) + 2*z(s). Let r be p(-18). What is the highest common factor of r and 21?
7
Let s(p) = p**3 - 9*p**2 + 12*p - 5. Let k be s(9). Let v = 126 - k. Calculate the highest common factor of 1 and v.
1
Let v = 60603 + -60578. Let y be (10/4)/(-5)*-50. Calculate the highest common divisor of v and y.
25
Let d(s) = s**3 - s**2 + 85*s + 168. Let l be d(21). Calculate the highest common factor of 266 and l.
133
Let m(k) = 5*k + 127. Let j